ivided by i.
56
Let c(w) = w**3 + 33*w**2 - 8*w - 86. What is the remainder when c(-33) is divided by 61?
56
Let a(g) = 20 + 15*g - 17*g + 6*g. Let q = -14 + 25. Calculate the remainder when a(q) is divided by 33.
31
Suppose 0 = -2*w + n, -3*w + 2*n + 1 = 3. Let x(j) = 4 + 0*j**w + 5*j**2 - 4*j**2 + 1 + 4*j. What is the remainder when 29 is divided by x(-5)?
9
Suppose 4*g + 11 = 3*w - 0*w, 4*g + w + 7 = 0. Let i(r) = -3*r**3 - r**2 - 2*r + 2. What is the remainder when 74 is divided by i(g)?
22
Let h = 754 + -750. Suppose 11 = 4*v + 2*s - 19, -5*v - 4*s = -30. What is the remainder when v is divided by h?
2
Suppose -3*u - 2*n + 37 = 16, -3*n + 34 = 5*u. Calculate the remainder when 17 is divided by u.
2
Suppose 0 = -2*y - 5*w - 25, 7*w - 2*w = -4*y - 35. Calculate the remainder when 17 is divided by (2 - -7) + 2 + y.
5
Suppose 3*h + 3*p - 6 = 60, -5*p = 4*h - 90. Suppose j + j - 4*d = 8, 4 = 4*d. Calculate the remainder when h is divided by 2/j*(8 - 2) - -9.
9
Suppose 0 = -3*z - 4*a + 29, 0 = -2*z - 3*a - 2*a + 31. Let r be (z - 4)*-1 - -7. Suppose 0 = -r*g + 3*g + 110. What is the remainder when g is divided by 6?
4
Let x = -76 - -91. Calculate the remainder when ((-1)/(-1))/(14/1022) is divided by x.
13
Suppose -29*j + 18*j + 3652 = 0. What is the remainder when j is divided by 76?
28
Suppose -3*t + 78 + 88 = -4*w, 5*t - 288 = w. What is the remainder when t is divided by 28?
2
Let z = -554 + 562. What is the remainder when 47 is divided by z?
7
Suppose 86*t - 1455 = 71*t. What is the remainder when 298 is divided by t?
7
Suppose s + 616 = -7*o + 10*o, -628 = -3*o - 5*s. What is the remainder when o is divided by 13?
11
Suppose 39*c = -26 + 182. Calculate the remainder when 5 is divided by c.
1
Calculate the remainder when 192 is divided by 101*((-22)/55)/(4/(-10)).
91
Let s = 30 - 26. Let p = 6 - 4. Suppose 2*m = 2*r + 2, 0*m + s*r = 2*m + p. What is the remainder when 5 is divided by m?
2
Suppose -29*q - 1020 + 4471 = 0. Calculate the remainder when q is divided by 15.
14
Let k = -58 - -44. Let g = 26 + k. Calculate the remainder when 0/(1/1) + 47 is divided by g.
11
Let a = -27 + 35. Suppose -f - 2*d + a = 0, f + d = 6*d - 20. Suppose 4*q - 6 + 3 = 5*k, f = -5*k + 25. What is the remainder when 19 is divided by q?
5
Let u(c) = 7*c**2 - 3*c + 44. Calculate the remainder when u(5) is divided by 14.
8
Suppose 0*a - 5*s = 4*a - 14, 4*a - 5*s - 34 = 0. Suppose 39 = 3*m + 3*o, a*o - o = -4*m + 52. Calculate the remainder when 38 is divided by m.
12
Let h(l) = -2*l**3 + 8*l**2 - 6*l + 12. Suppose 39 = 4*c - 137. What is the remainder when c is divided by h(3)?
8
Let j = 155 + -18. Calculate the remainder when 677 is divided by j.
129
Suppose -9 + 29 = 4*h. Suppose 3*n - 6*n = -h*t + 165, -5*n = 0. Let y = t - 17. What is the remainder when 63 is divided by y?
15
Let g = -38 + 44. Suppose 0 = g*z - 2*z - 5*s - 703, 351 = 2*z - 3*s. Calculate the remainder when z is divided by 20.
17
Suppose -3*f + 24 = -18. Suppose -f*y = -12*y - 14. Calculate the remainder when 18 is divided by y.
4
Suppose 0 = -0*i + 5*i - 2*v, -22 = -i - 4*v. Let h(g) = 23*g - 14. Calculate the remainder when h(i) is divided by 12.
8
Let a(y) = y**2 - y - 7. Suppose 5*v - 37 = -6*i + 3*i, 0 = -5*i + 3*v + 5. What is the remainder when a(i) is divided by 1?
0
Suppose -25*c - 55 = -26*c. What is the remainder when c is divided by 15?
10
Suppose -3*q = 11*q - 3962. Calculate the remainder when q is divided by 74.
61
Suppose 4*k + 19 = 75. Let n(u) = u + 12. Calculate the remainder when n(9) is divided by k.
7
Let o be (-4)/(-8) - (-235)/2. Suppose -5*k + o = -122. Suppose -4*x - 1 = z, 2*z + 2*x = 4*x + k. What is the remainder when z is divided by 5?
4
Suppose -27*t + 47*t - 1940 = 0. Calculate the remainder when 284 is divided by t.
90
Suppose -29*a + 6*a + 621 = 0. Calculate the remainder when a is divided by 6.
3
Let f(p) = -p**2 - 11*p - 8. Suppose g - 20 = -4*g. Suppose 3*w - g*t + 28 = 0, 6 = -t + 7. What is the remainder when 30 is divided by f(w)?
14
Suppose -4*s = 3*v + 6, 0*s + 5*s = -15. Let t be v/5 - 3632/(-20). Calculate the remainder when 38 is divided by (-4)/18 - t/(-9).
18
Let d(q) = 44*q + 235. What is the remainder when d(-3) is divided by 31?
10
Suppose i + 3*k - 445 = 0, -3*i + 0*k + 1390 = -2*k. Let q = -10 - -16. Calculate the remainder when (6/4)/(30/i) is divided by q.
5
Let a(m) = m. Let g be a(-7). Let d(z) be the first derivative of -3*z**2 - 7*z - 6. Calculate the remainder when d(g) is divided by 18.
17
Calculate the remainder when (2 - (11 + -4)) + 1 + 203 is divided by 8.
7
Suppose -4*n = -4*x + 196, -x + 5*n + 57 = 4. Calculate the remainder when x is divided by 28.
20
Let y = -38 + 42. Calculate the remainder when 104 is divided by y.
0
Let p(l) = -16*l + 60. What is the remainder when 571 is divided by p(1)?
43
Let a be -131*((-2 - 1) + 2). Suppose 4*b = 65 + a. Suppose -2*h = -b + 7. What is the remainder when 82 is divided by h?
19
Let y = 12 - 7. Suppose 0 = y*w - 393 + 43. Let m = 6 + 18. What is the remainder when w is divided by m?
22
Suppose 0 = 17*j - 14*j - 435. Calculate the remainder when j is divided by 71.
3
Suppose 0 + 26 = 2*c - j, 3*j = 4*c - 52. What is the remainder when 38 is divided by c?
12
Let d be -3 + 336 + 9/3. Suppose 4*s - d = -3*j, -5*s - 2*j + 0*j = -413. Suppose 21 = 2*h - h. What is the remainder when s is divided by h?
18
Let g(i) = 4*i**3 + 2*i**2 - 4*i + 2. Calculate the remainder when 112 is divided by g(2).
10
Suppose -2*p - 3*s - 54 = -5*s, -2*p = s + 60. Let b = p - -37. What is the remainder when 20 is divided by b?
4
Let c = 65 - 65. Suppose o + 5*k - 25 = 35, c = -2*k. Calculate the remainder when o is divided by 20.
0
Suppose -39*o + 25384 = 37*o. What is the remainder when o is divided by 34?
28
Suppose 2*r = 5*r + 12. Let h(n) = -23*n + 4. Let v(q) = 23*q - 3. Let i(x) = r*h(x) - 3*v(x). Calculate the remainder when i(2) is divided by 6.
3
Suppose -17*f + 2850 = -550. What is the remainder when f is divided by 8?
0
Let u(h) = -h - 1. Let l(k) = -4*k - 38. Let a(c) = -l(c) + 3*u(c). What is the remainder when 79 is divided by a(-8)?
25
Let i(s) = s**2 + 10*s + 52. What is the remainder when i(-6) is divided by 27?
1
Suppose 0*d - 4*c + 744 = 3*d, 5*c = -5*d + 1245. Suppose -82 = -5*u - 2*f + 233, -5*f - d = -4*u. What is the remainder when u is divided by 16?
15
Suppose 4*q - 458 - 166 = -5*j, j - 4*q = 144. What is the remainder when j is divided by 23?
13
Let w(o) = o**3 - 5*o**2 + o + 3. Let g be w(5). Let q = g + -6. Calculate the remainder when q is divided by 5 - (-4 + 7)*1.
0
Let y(l) = 10*l + 182. Let h = 8 + -4. Calculate the remainder when y(-17) is divided by h.
0
Let h = -58 - -64. Suppose 50 = -t + h*t. Calculate the remainder when 24 is divided by t.
4
Let f = 13 + -10. Suppose -3*k - f = -4*k. Suppose k*o = 7*o - 80. What is the remainder when o is divided by 11?
9
Let c = -21 + 44. Suppose -3*a + 2*v = -2, -a - 14 = 2*a + 2*v. Calculate the remainder when 0 + a - (-74 - -6) is divided by c.
20
Let t = 36 + -24. Calculate the remainder when 35 is divided by t.
11
Let y(p) = p**3 - 8*p**2 - 26*p + 28. Calculate the remainder when 112 is divided by y(11).
7
Let g(q) = 73*q + 226. Calculate the remainder when 146 is divided by g(-3).
6
Suppose 10 = -3*g - k + 2*k, 4*g + 13 = k. Let d(i) = 4*i**2 + 5*i + 4. Let l be d(g). Let j = l + -8. Calculate the remainder when 48 is divided by j.
14
Let y = 216 - 184. What is the remainder when 414 is divided by y?
30
Suppose 2*u = u + 3*c - 13, -3*c = -2*u - 14. Calculate the remainder when 7 - -100 - (u - 0) is divided by 22.
20
Suppose 4*h + 5*p = 128, -h - 3*p = 3*h - 128. What is the remainder when 381 is divided by h?
29
Let t(x) = -2*x**2 - x - 11. Let m be t(0). Calculate the remainder when 59 is divided by m/(-1) + 3 + 2 + -4.
11
Suppose -3*i - 51*r + 212 = -56*r, 0 = 2*i - 4*r - 142. What is the remainder when i is divided by 30?
9
Suppose -r + 8 = r. Suppose -r*a - 7*l + 3*l + 212 = 0, 130 = 2*a - 4*l. What is the remainder when a is divided by 20?
17
Suppose 43*l = 42*l. What is the remainder when 69 is divided by 17 - (7 - (l + 4))?
13
Let c(h) = -h**3 + 7*h**2 - 5*h - 4. Suppose 2*d - 4 = -2*z + 7*z, -2*d - z = -16. Suppose 6*i = d*